 What is the units digit of i?
2
Suppose 0*g = -g. Suppose g = -3*h, -3*d + 2*h + 64 = d. What is the units digit of d?
6
Suppose 0 = 4*o + 3*b - 19, 2*o = -o - 4*b + 9. Suppose -r - 14 = -o. Let d(h) = -h**2 - 10*h - 8. What is the tens digit of d(r)?
1
Suppose -g + 54 = -v, -v + 3*v - 147 = -3*g. What is the tens digit of g?
5
Let x(j) be the second derivative of -j**5/20 + 7*j**4/12 - 2*j**3/3 - 3*j**2/2 + j. Let t be (-2 - 10)/(-3) + 2. What is the units digit of x(t)?
9
Let w(u) = -u**3 + 8*u**2 + 16*u + 6. What is the tens digit of w(8)?
3
Let w(q) = -q**3 + 6*q**2 + 10*q - 3. Let y be w(7). What is the tens digit of ((-27)/y)/((-6)/68)?
1
Let k = 95 - 29. What is the units digit of k?
6
Let p(z) = z**3 + z**2 - z + 23. What is the units digit of p(0)?
3
Let p be (2 - 1) + (-24)/(-6). Let z = p + 0. What is the units digit of z?
5
Suppose 0*z - 52 = 4*z. What is the units digit of z/(-2)*(1 - -1)?
3
Suppose 4 = -4*t - 0. Let f be 4/5*(4 - t). Suppose 4*o = 2*o + f. What is the units digit of o?
2
Let j = 5 + -28. Let m = j - -43. Let n = 31 - m. What is the units digit of n?
1
Let c = 424 - 245. What is the tens digit of c?
7
Let b = -23 - -42. What is the tens digit of b?
1
Let q(z) = -z**3 + 3*z**2 + z + 3. Let p(i) = -i**3 + 3*i**2 - 1. Let t be p(2). What is the units digit of q(t)?
6
Suppose 0 = 5*f - 4*m - 35, 3*m = -3*f + 2*f - 12. Let b(k) = k**2 + 4*k + 1. Let o be b(-4). Let q = f - o. What is the units digit of q?
2
Let q be (-4)/6*-3 - 6. Let z = 0 - q. Suppose -5*x + 15 = u, 5*u - 17 = -0*x + z*x. What is the units digit of x?
2
Suppose 5*o + 5*z = 395, 2*o - 427 = -3*o + 3*z. Suppose -377 = -6*q - o. What is the tens digit of q?
4
Suppose -2*r - 1 = 3, 3*r - 42 = -4*g. What is the tens digit of 1*(-4)/g*-84?
2
Let t(o) = -o**2 - 8*o - 4. Let m be t(-7). Suppose -5*d + 44 = -m*d. What is the tens digit of d?
2
Let a(r) = -r**3 - 3*r**2 + 2*r + 2. What is the units digit of a(-4)?
0
Let x = 37 + -20. Let h = x - 32. What is the tens digit of (-1*3)/(h/50)?
1
Let m(h) = -14*h - 2. Let v(r) = 5*r + 1. Let i(t) = -4*m(t) - 11*v(t). Let o(j) = 6*j**3 - 2*j**2 + j. Let d be o(1). What is the units digit of i(d)?
2
Suppose -6*o + 5*o - 3*g + 1 = 0, 2*g = 0. Let b be 19*(o + (-2 - -2)). Suppose i + 2*i = 4*m - 16, -m = 3*i - b. What is the units digit of m?
7
Let x(a) be the first derivative of a**2/2 - a + 1. Let t be x(3). Suppose 2*d = -r + 2, -r = t*r + 2*d - 18. What is the units digit of r?
8
Let w = 8 - 4. Suppose p - 24 = -o - 0, 101 = w*o + 5*p. What is the tens digit of o?
1
Suppose -15 = -2*s - 111. Let j = -27 - s. What is the tens digit of j?
2
Suppose -2*s - s + 14 = -j, 3*j = 4*s - 22. What is the units digit of j/(-5) - (-132)/20?
7
What is the units digit of 4/(-4)*(-3 - 34)?
7
Suppose i - 3*p + 1 = -8*p, -4*p = 3*i - 8. Suppose -3*o = i - 22. Let q = -2 + o. What is the units digit of q?
4
Let a be 9*(-2)/(-15)*-5. Let d(m) = -m**2 + 1. Let f(w) = -2*w**2 + 7*w - 2. Let t(s) = 3*d(s) - f(s). What is the tens digit of t(a)?
1
Suppose 8*m = 3*m. Suppose m = -2*u + 32 + 14. What is the units digit of u?
3
Suppose 5*r + 5*s - 94 = 2*r, 8 = -2*s. What is the tens digit of r?
3
Let t(v) = -v - 10. Let g be t(-8). What is the units digit of ((-3)/(9/102))/g?
7
Let g(b) = -b**3 - 3*b**2 - 4*b - 2. What is the units digit of g(-2)?
2
Suppose -3*w + 85 - 10 = 0. Suppose w = -5*j, -5*j = -5*f - 4 + 69. What is the units digit of f?
8
Let a(s) = s**2 + 6*s - 4. What is the units digit of a(-7)?
3
What is the units digit of 28/((-4)/(-2)) - 3?
1
Let c be -3 - (-1)/(3/27). Let v be c/(-2) - (0 - 3). Suppose v*s + 3*s = 3. What is the units digit of s?
1
Let g = 652 - 436. What is the tens digit of g?
1
Let j = 3 + -9. Let u be ((-20)/j)/(8/84). Let a = u + -18. What is the tens digit of a?
1
Suppose 0 = 5*f + 10 - 180. What is the units digit of f?
4
Let h = -18 + 18. Let u(q) = q**2 + 2. Let s be u(0). Suppose h = v + s*v - 15. What is the units digit of v?
5
Let m = 21 - 8. Suppose 3*x = -4 + m. Let a(n) = -n**3 + 2*n**2 + 4*n + 1. What is the units digit of a(x)?
4
Suppose 4*u - 29 = 4*v - 9*v, -3*u = -5*v + 22. What is the units digit of u?
1
Let m(f) = f + 13. Let y be m(-16). Suppose -5*r + 31 = -3*v, 4*r + 0*v - 16 = -2*v. Let d = r - y. What is the units digit of d?
8
Suppose 0 = -5*c + 22 + 63. Suppose 3*q = -26 - 4. Let r = c + q. What is the units digit of r?
7
Let n(m) = -m**2 - 2*m + 5. Let c be n(-4). Let p be ((-5)/3)/(c/9). Suppose 4*y = p + 11. What is the units digit of y?
4
Let r = -14 + 19. Suppose 2*b + d = 88, -2*d + 219 = r*b - 0*d. What is the units digit of b?
3
Suppose -4*n - 5*c = -0*n - 11, 0 = 5*n + c - 40. Let w = -8 + n. What is the units digit of w?
1
Let y(p) = p**3 + 15*p**2 - 3*p - 21. What is the tens digit of y(-15)?
2
Let q(z) = z**3 - 5*z**2 - 3*z + 2. Suppose 2*p - 22 = 2*k, 5*p = 4*k + 21 + 29. What is the units digit of q(p)?
0
Suppose -34*y = -30*y - 824. What is the units digit of y?
6
Let q be 2/1 - 6/3. Suppose 0 = -2*j - 3*b - q*b + 3, -4*b = -3*j - 38. Let r(g) = g**3 + 5*g**2 - 6*g + 5. What is the units digit of r(j)?
5
Let v(f) = -f**2 - 13*f - 4. Let p be v(-10). Suppose -3*w - p = 2*d - 3*d, 4*d - w - 49 = 0. What is the units digit of d?
1
Suppose 137 = c + 36. What is the units digit of c?
1
Let n = 3 + 108. What is the units digit of n?
1
Let y be (2/1)/(1/3). Suppose -5*j + 16 = -5*p + y, -5*p = j - 20. Suppose -p*k = -5 - 10. What is the units digit of k?
5
Suppose 5*p = m - 363, 0*m + 3*p = -2*m + 739. What is the hundreds digit of m?
3
Let j = -20 + 23. Suppose j*v - 24 = m, 12 = 3*v - 0*m + 3*m. What is the units digit of v?
7
Let z(i) = 16*i + 14. What is the hundreds digit of z(10)?
1
Suppose -2*b = b - 3. Suppose 5 - b = -3*c - 2*q, c = 4*q + 22. What is the units digit of c?
2
Suppose -q + 5 = 0, -4*v + 3*v + 5*q = 23. Suppose 5 = b - v*b. Let p = b - -9. What is the units digit of p?
4
Suppose 2*p - 8 = 4*p, -2*p - 6 = l. Let v(b) = l*b - 2 - 2*b + b. What is the units digit of v(6)?
4
Let q = -318 - -546. What is the hundreds digit of q?
2
Let t(d) = -d + 7. Let b be t(7). Let j = b - -14. What is the tens digit of j?
1
Suppose 10*q - 426 - 1544 = 0. What is the units digit of q?
7
Suppose -10*d - 352 = -14*d. What is the tens digit of d?
8
Let s = 15 - 1. Suppose -2*f + s = -16. What is the units digit of f?
5
Suppose 4*n = 2*n - d - 3, 0 = 4*n + 5*d + 21. Let s = 4 + n. What is the units digit of -2 + 4 + (s - 2)?
5
Let m(t) = -t - 5. Let b(q) = q**2 + 6*q - 7. Let n be b(-5). Let w be 44/(-6) - 4/n. What is the units digit of m(w)?
2
Suppose 0 = 7*q - 2*q - 100. What is the units digit of q?
0
Let n(h) = h**2 + 10*h - 3. Let z be n(-11). Suppose 3*i + 115 = z*i. What is the tens digit of i?
2
Let b = 6 - 2. Suppose v = -b*v. Let m = 5 + v. What is the units digit of m?
5
Let y = 84 + -44. What is the tens digit of y?
4
Let c(z) = -z + 8. Let l be c(7). Let f be l/((2 + 0)/(-10)). Let h = f - -10. What is the units digit of h?
5
Suppose -2*o = 2*j + 2, -3*j = -4*o - 4 - 0. Let p(l) = l**2 - l + 5. Let x be p(j). Suppose 2*q + 9 = 5*r, -x*r - 17 = q - 10*r. What is the units digit of q?
8
Let k(a) be the first derivative of -a**3/3 + 7*a**2/2 - 3*a + 1. Let y be k(6). Suppose -3*f + 0*f = y*i - 9, -5*f = 2*i - 3. What is the units digit of i?
4
Let d(w) = -2*w - 7. Suppose -2*n + 4 = -6. Suppose g - n*g - 32 = -v, 0 = -2*g - v - 10. What is the units digit of d(g)?
7
Let k = 5 + -3. What is the tens digit of 164/16 - k/8?
1
Let u(g) = 11*g**2 - 30. What is the tens digit of u(5)?
4
Suppose 3*w - 76 = 47. What is the tens digit of w?
4
Let r(a) = -a**2 - 4*a. What is the units digit of r(-3)?
3
Suppose 428 = -3*b + 1235. What is the units digit of b?
9
Let q(n) = n**2 - 3*n - 3. Let l be q(4). Let j = l - -7. What is the units digit of j?
8
Suppose p - 4*z - 7 = -3*z, 5*p = 2*z + 26. Suppose p*a - 7 = 17. What is the units digit of a?
6
Suppose -4*h + 1 = -2*m + 13, -3*h = 5*m + 35. Let c(r) = -r**3 - 6*r**2 - 5*r + 7. Let v be c(h). Let s = 11 - v. What is the units digit of s?
4
Let r = -1 + 2. Suppose -m - r + 12 = 0. What is the units digit of m + 0 + -1 + -2?
8
Let x(z) = -z**2 - 7*z - 4. Let r be x(-6). Let g(h) = -12*h**3 + h**2 + h. Let y be g(-1). S